8 = 0. Let w(r) = 633 + 4*r - r**2 - 630 + o*r**2. Let l = -15 - -10. Calculate w(l).
8
Suppose 5*i + 19 = -16. Let m(s) be the first derivative of -s**4/24 - 3*s**3/2 - 15*s**2 - 26. Let l(b) be the second derivative of m(b). Determine l(i).
-2
Let p be -10 + 10*162/45. Let s(m) = -3*m + 80. Calculate s(p).
2
Let d(g) = -6*g**2 - 3 - g - g**3 - 4 - 3*g. Suppose 167*j + 1020 = -145*j + 108*j. What is d(j)?
-12
Let c = -4 + 7. Let y(h) = 2965*h**3 + 4*h**2 + 3 - 2*h**2 - 2964*h**3 - 3*h**2. Give y(c).
21
Let v(m) = 59*m - 92*m - 191 + 12410*m**2 - 12409*m**2. Determine v(38).
-1
Let n(h) = -h**2 + 10*h + 9. Let w = 151 - 151. Suppose w = -5*u - 15*u + 220. Calculate n(u).
-2
Let d(g) be the second derivative of -g**4/4 - 13*g**3/3 + 17*g**2 + 6194*g. Determine d(-10).
-6
Suppose q - 2*a + 5 = 0, -5*q + 0*q + 3*a = -10. Let i(s) = -42*s + q + 2*s**2 + 16*s + 6*s + 13*s. Calculate i(4).
9
Suppose -32 = 20*y - 112. Let a(g) be the first derivative of -g**3/3 + g**2 + 13*g - 127. Calculate a(y).
5
Let w be (10 - 8) + 2 - 86*2/4. Let h(i) = -2*i**2 - 76*i + 78. Determine h(w).
0
Let h(y) be the first derivative of -y**6/120 + y**5/10 - y**4/3 - 2*y**3/3 + 3*y**2/2 - 9*y - 94. Let n(c) be the second derivative of h(c). Determine n(4).
-4
Let b(p) = p**3 - 22*p**2 + 104*p + 10. Let o(u) = 5*u**3 + 28*u**2 - 14*u - 5. Let m be o(-6). Give b(m).
3
Let x(u) = 22*u + 23*u + 1 - 70*u + 27*u. Give x(13).
27
Suppose -u + 18 = -f - 3*u, 3*f + 38 = 2*u. Let z be (1 + 18)*(f + 19). Let s(b) = -1 - z*b + 96*b + 2*b**3 - b**3. Determine s(-2).
-11
Let n(k) = -1 + 2*k + 0*k - k + 13*k**2. Let c(i) be the third derivative of -i**5/60 + i**4/24 - 4*i**2 - 3. Let b(j) = 3*c(j) - n(j). Determine b(-1).
-17
Let l(m) = m + 6. Suppose -7*q + 11*q = -4*v + 208, -5*q + 260 = v. Let x be (-2 + 1)/((-2)/(-118)). Let d = x + q. Determine l(d).
-1
Let u(p) = -p**2 - 14*p - 3. Let d = -776 - -766. Calculate u(d).
37
Let w = -21 + 34. Let h(z) = 12 + 3*z - z - z - w. What is h(3)?
2
Suppose 0 = 4*f - 5*v + 160, 5*v - 162 = 5*f + 43. Let h(w) = w + 44. Calculate h(f).
-1
Suppose c = 3, 5*c + 297 = 3*m + m. Suppose -w + 14*w = -m. Let z(s) be the third derivative of -s**4/24 - s**3/2 + 2*s**2. Give z(w).
3
Let l(r) = -8 - 8 - 2*r + 10*r**2 + 7*r**3 + 8 - 7 + 4*r. Let m(z) = 12*z**3 + 21*z**2 + 4*z - 29. Let w(g) = -7*l(g) + 4*m(g). Determine w(14).
17
Let k(v) = -v + 19. Suppose -n + 3*b = -8, 564*b = 3*n + 560*b + 1. Determine k(n).
26
Suppose 0 = y + 5*a - 56, y = 5*y + 2*a - 134. Let d = y + -32. Let q(j) = 1 - 203*j**2 - 205*j**2 + 408*j**2 - 3*j**3. What is q(d)?
4
Let x(l) = l**2 - 7*l + 9. Let v(p) = -23*p - 75. Let t(r) = -12*r - 38. Let c(s) = -11*t(s) + 6*v(s). Let k be c(-13). Let d = 52 - k. Determine x(d).
3
Let w(u) = -12*u**2 + 31*u + 13. Let a(f) = -5*f**2 + 15*f + 7. Let g(z) = 5*a(z) - 2*w(z). Calculate g(14).
-5
Let h be ((-77)/33)/(-7)*(-3)/(-6). Let b(r) be the second derivative of -2/3*r**4 + 0 - 1/20*r**5 + 5*r - h*r**3 - 2*r**2. What is b(-8)?
4
Let h be (-29)/(783/513) + 23. Let l(k) be the second derivative of 0 - 15*k + 0*k**3 - 1/2*k**2 + 1/6*k**h + 4/5*k**5. Give l(-1).
-15
Let v(b) = 2*b - 5. Let r = -163 - 9. Let q = -166 - r. What is v(q)?
7
Let o(k) be the first derivative of -k**2 + k - 11. Let m(b) = 12*b - 4. Let z(y) = m(y) + 8*o(y). Determine z(4).
-12
Suppose 6 = 3*o + 3. Let j = o + -6. Let f(s) be the third derivative of s**5/60 + s**4/4 + s**3/3 + 22*s**2 + s. Determine f(j).
-3
Let y(g) = -g**2 - 3*g + 7. Suppose 76*i = -3*p + 72*i - 12, 0 = -2*p + 3*i + 9. What is y(p)?
7
Suppose 5*a + 525 = 5*j, 5*a + 666 = -j + 153. Let i(h) = -17*h + 1. Let r be i(-6). Let o = r + a. Let v(d) = d - 5. Give v(o).
-5
Suppose -95*g - 145*g = -278*g - 114. Let f(m) = -3*m**2 - 14*m - 20. What is f(g)?
-5
Let p(l) = -l**3 + 4*l**2 + 6*l - 1. Suppose -4*d + 20 = 4*n, -3*d - 2*n + 8 = -2*d. Suppose d*k = -5*k + 35. Determine p(k).
4
Let f(z) = -z**2 + z + 1. Let l = -440 - -450. Let q be 3 - 63/15 - (-2)/l. Calculate f(q).
-1
Let w(p) be the first derivative of 3*p**2/2 - 42*p - 1259. Determine w(20).
18
Let h(o) = -307*o**2 + 148 - 254*o**2 - 258*o**2 + 1071*o**2 + 74*o - 255*o**2. Calculate h(-2).
-12
Let f be 3/(6/11) - (-6)/12. Let q be 69/(-18) + (-1)/f. Let p(k) = 2 - 4*k - 10*k + 11*k. Determine p(q).
14
Let w(o) = 8 + 4*o + 85 + o + 63 + 1. Determine w(-34).
-13
Let v(w) = 2*w**2 + 250*w - 61*w + 16 - 68*w - 68*w - 62*w. What is v(2)?
6
Suppose 39*l - 27*l = 24. Suppose 0 = -7*k - l*k + 18. Let o(z) = 2 - z**2 + 3*z**2 + 3*z**2 - z**3 - 2*z. Calculate o(k).
10
Let k be 10/(-5)*(-4)/(40/10). Let m(h) = 17*h - 38. What is m(k)?
-4
Let m(g) be the first derivative of -g**4/2 + 6*g**3 + 23*g**2/2 - 11*g + 1110. What is m(10)?
19
Let k(t) = t**2 + 6*t + 2. Let w(y) = 1787*y - 7152. Let b be w(4). Determine k(b).
-6
Let z(q) = q**2 - 6*q + 9. Suppose y = -3*u + 18, -3*u + 28 + 2 = 5*y. Give z(u).
4
Let r(w) be the third derivative of -18*w**2 + w**3 + 0*w - 1/60*w**5 + 0 + 1/8*w**4. Let p = -7 - -12. Determine r(p).
-4
Let r(q) = -3*q**2 + 6. Let s = -54 + 56. Let j be r(s). Let c(o) = 5*o**2 - 2*o - 7. Let u(t) = 9*t**2 - 5*t - 13. Let d(v) = -11*c(v) + 6*u(v). Give d(j).
11
Let s(f) be the third derivative of -f**6/120 + f**5/12 - f**4/12 - f**3/2 + f**2. Let c = 137419 - 137415. What is s(c)?
5
Let u(a) be the second derivative of a**5/20 + a**4/2 + 4*a**3/3 + 2*a**2 + a. Let w(o) = -1164*o - 5. Let f be w(0). What is u(f)?
-11
Let a be ((-18)/(-12))/((-6)/(-8)). Let t(h) = 39*h - 39. Let f(p) = -13*p + 11. Let b(w) = -7*f(w) - 2*t(w). What is b(a)?
27
Suppose 0*i + 12 = 3*i, 145 = -p + 5*i. Let f = -122 - p. Let b(o) = 3*o - o - 4*o - o. Give b(f).
-9
Let v = 6437 + -6429. Let h(c) = -10 + 12*c + c**2 - 3*c**2 + c**2. Calculate h(v).
22
Let q(y) = y**2 + 53*y + 878832 - 878742 - 19*y. Determine q(-32).
26
Suppose -20*v + 13*v + 42 = 0. Let p(q) = q**2 - v*q + 4*q - 15 + 0*q**2 + q. Calculate p(0).
-15
Let s(d) = -d**3 + 4*d**2 + 5*d - 1. Let m be 1/4 + (-30)/(-8). Let o be 1/(-6)*-6*5. Suppose 0 = -4*p + o*y + 24 + 7, -2*p - m = 4*y. Give s(p).
19
Suppose 0 = -2*c + 13 - 1. Let g(f) = 4*f**3 - 8*f**2 + 2*f + 22. Let q(z) = -7*z**3 + 15*z**2 - z - 40. Let b(p) = -5*g(p) - 3*q(p). Determine b(c).
4
Let p(j) = -6 - 2*j**2 - 10 + 74*j - 12 - 94*j - 10. Give p(-9).
-20
Suppose 28*s - 119 + 38 = 3. Let c(t) = 3*t**2 - 10*t + 8. Give c(s).
5
Let l(s) be the second derivative of -1/2*s**2 - 1/4*s**4 + 1/2*s**3 + 0 - 128*s. Give l(2).
-7
Suppose -107*p - 952 = -1059. Let m(q) = -84*q**3 + 7*q**2 + 11*q - 2. Let j(g) = 42*g**3 - 3*g**2 - 5*g + 1. Let b(v) = 9*j(v) + 4*m(v). Give b(p).
43
Let x(t) = -46 + 102*t - 197*t + 105*t. What is x(4)?
-6
Let u be 15/(-2)*2/(-3). Let r(o) = -2*o + 2 + u*o - 2*o**2 + o**2. Suppose 2*i + 24 = 2*l, 3*i + 6 = 1951*l - 1954*l. What is r(l)?
-8
Let r(m) be the third derivative of -m**5/30 - m**4/4 + 41*m**3 - 7*m**2 - 8. Let n(g) be the first derivative of r(g). What is n(8)?
-38
Suppose 0 = 2*a + s - 82, -6 - 2 = -4*s. Suppose 32*w = -a - 24. Let j(q) = -q**3 - q**2 - 2. Give j(w).
2
Let d(h) be the first derivative of -15/2*h**4 + 0*h**3 + h + 0*h**2 + 4. Calculate d(1).
-29
Let w(t) = -t**3 + 3*t. Let x(u) = -8*u + 5 + 9 + 11 - 10*u**2 - 29 + 12. Let j(s) = -w(s) - x(s). Calculate j(-9).
28
Let n = -9673 + 9663. Let f(v) = -6*v + 11. Calculate f(n).
71
Let d(b) be the third derivative of -b**6/60 + b**5/5 - 2*b**3/3 - b**2 - 2*b + 357. Calculate d(2).
28
Suppose 13*t - 26*t - 91 = 0. Let q(c) = 3*c**3 + c**2 + 10*c - 6. Let p(o) = -o**3 - 3*o + 2. Let v(y) = t*p(y) - 2*q(y). Determine v(2).
0
Let k(p) = p**3 - 24*p**2 + 18*p - 429. Let r be k(24). Let b be (-1)/2*12/(-3). Let o(a) = -5*a**b - 3 + 3*a**r + 4*a**3 - a - 8*a**3. Give o(-5).
2
Let l(m) = -5*m**2 + 3*m**2 - 3 - 19*m - 21*m + 26*m. Let d be l(-7). Let v(x) = x**3 - x**2 - 2*x - 3. What is v(d)?
-33
Let b(v) = 4*v - 36. Suppose -1332*d = -1328*d - 40. Give b(d).
4
Let n(t) be the third derivative of -7*t**4/24 + 7331*t**2. Let k(c) = c**3 - c**2 + c - 2. Let v be k(0). Let a = v + 1. What is n(a)?
7
Suppose 62*l - 67*l = 240. Let a be l/6 + 2 + 4. Let p(i) = -2*i**3 - 2*i**2 + i - 1. What is p(a)?
5
Let c(q) = -q**2 - 13*q + 13. Suppose 9*n - 3155 - 1687 = 0. Su